{"id":28,"date":"2017-01-17T15:11:50","date_gmt":"2017-01-17T15:11:50","guid":{"rendered":"https:\/\/www.sksfrancepresernnis.org.rs\/?page_id=28"},"modified":"2017-01-20T17:35:25","modified_gmt":"2017-01-20T17:35:25","slug":"o-preserenu","status":"publish","type":"page","link":"https:\/\/www.sksfrancepresernnis.org.rs\/index.php\/o-preserenu\/","title":{"rendered":"O Pre\u0161erenu"},"content":{"rendered":"<p><span style=\"color: #000000; font-size: 110%;\"><img decoding=\"async\" loading=\"lazy\" class=\"size-medium wp-image-46 alignleft\" src=\"https:\/\/www.sksfrancepresernnis.org.rs\/wp-content\/uploads\/2017\/01\/preseren-300x291.jpg\" alt=\"\" width=\"300\" height=\"291\" srcset=\"https:\/\/www.sksfrancepresernnis.org.rs\/wp-content\/uploads\/2017\/01\/preseren-300x291.jpg 300w, https:\/\/www.sksfrancepresernnis.org.rs\/wp-content\/uploads\/2017\/01\/preseren.jpg 592w\" sizes=\"(max-width: 300px) 100vw, 300px\" \/>\u00a0France Pre\u0161eren se je rodil 3. decembra 1800 v Vrbi pod Stolom kot tretji otrok in prvi sin \u0160imnu Pre\u0161ernu (1762-1837) in materi Mini (1774-1842), rojeni Svetina. Pri hi\u0161i se je po doma\u010de reklo \u2019\u2019Pr\u2019 Rib\u010d\u2019\u2019, kjer je mali France skupaj s sestrami in bratoma pre\u017eivljal otro\u0161ka leta. PreLepi so pesnikovi spomini na brezskrbno mladost in preprosto va\u0161ko \u017eivljenje. \u010ce bi ostal v tem svetu \u2013 razmi\u0161lja v sonetu O Vrba \u2013 \u00bb (&#8230;) ne vedel bi, kako se v strup prebra\u010da \/ vse, kar srce si sladkega obeta (&#8230;)\u00ab. <\/span><\/p>\n<p><span style=\"color: #000000; font-size: 110%;\"> Osnovno \u0161olo je obiskoval v Ribnici, kjer je \u017eivel pri stricu Jo\u017eefu, ki je bil duhovnik. Zapisan je v Zlato knjigo kot odli\u010den u\u010denec. V ljubljanske \u0161ole je pri\u0161el leta 1813. Najprej je obiskoval tretji razred normalke, gimnazijo do leta 1819, nato je opravil \u0161e dva letnika \u0161tudija filozofije na liceju, ki ju je kon\u010dal leta 1821, ko je od\u0161el na Dunaj.<\/span><\/p>\n<p><img decoding=\"async\" loading=\"lazy\" class=\"size-medium wp-image-59 alignleft\" src=\"https:\/\/www.sksfrancepresernnis.org.rs\/wp-content\/uploads\/2017\/01\/vrba1-300x200.jpg\" alt=\"\" width=\"300\" height=\"200\" srcset=\"https:\/\/www.sksfrancepresernnis.org.rs\/wp-content\/uploads\/2017\/01\/vrba1-300x200.jpg 300w, https:\/\/www.sksfrancepresernnis.org.rs\/wp-content\/uploads\/2017\/01\/vrba1-330x220.jpg 330w, https:\/\/www.sksfrancepresernnis.org.rs\/wp-content\/uploads\/2017\/01\/vrba1.jpg 428w\" sizes=\"(max-width: 300px) 100vw, 300px\" \/><\/p>\n<p><span style=\"color: #000000; font-size: 110%;\">V \u0161olskem letu 1821\/22 je \u017ee \u0161tudiral na Dunaju, najprej tretji letnik filozofije, nato se je odlo\u010dil za \u0161tudij prava, \u010deprav so doma \u017eeleli, da bi \u0161tudiral teologijo. Leta 1826 je kon\u010dal \u0161tudij prava, 27. marca 1828 pa je dokon\u010dal z odli\u010dnim uspehom vse izpite in promoviral za doktorja prava. <\/span><span style=\"color: #000000; font-size: 110%;\"><br \/>\nMed \u0161tudijem je v \u0161olskem letu 1822\/23 imel Pre\u0161eren tudi Knafljevo \u0161tipendijo. V \u010dasu bivanja na Dunaju je France Pre\u0161eren \u017ee pisal pesmi \u2013 ohranjene so Povodni mo\u017e, Lenora in La\u017enivim pratikarjem. 12. januarja 1827 pa je objavil v \u010dasopisu Illyrisches Blatt \/ Ilirski list svojo prvo pesem Dekelcam (An die M\u00e4dchen) v sloven\u0161\u010dini in svojem nem\u0161kem prevodu.<\/span><\/p>\n<p><span style=\"color: #000000; font-size: 110%;\"><br \/>\n<img decoding=\"async\" loading=\"lazy\" class=\"size-medium wp-image-69 alignright\" src=\"https:\/\/www.sksfrancepresernnis.org.rs\/wp-content\/uploads\/2017\/01\/hisa1-300x203.jpg\" alt=\"\" width=\"300\" height=\"203\" srcset=\"https:\/\/www.sksfrancepresernnis.org.rs\/wp-content\/uploads\/2017\/01\/hisa1-300x203.jpg 300w, https:\/\/www.sksfrancepresernnis.org.rs\/wp-content\/uploads\/2017\/01\/hisa1.jpg 423w\" sizes=\"(max-width: 300px) 100vw, 300px\" \/><\/span><span style=\"color: #000000; font-size: 110%;\">Po vrnitvi z Dunaja jeseni leta 1828 se je Pre\u0161eren zaposlil kot koncipient ali pripravnik pri dr. Leopoldu Baumgartnu (1794-1843). Bil je v slu\u017ebi tudi na ljubljanski dav\u010dni upravi kot nepla\u010dani zaprise\u017eeni konceptni praktikant. Od 1834 pa vse do odhoda v Kranj je delal v odvetni\u0161ki pisarni prijatelja dr. Bla\u017ea Crobatha (1799-1848). Pri njem je spoznal Ano Jelov\u0161kovo (1823-1875), poznej\u0161o mater svojih treh otrok: Rezike (1839-1840), Ernestine (1842-1917) in Franceta (1845-1855). Prav njej je posvetil pesem Nezakonska mati.<br \/>\n<\/span><span style=\"color: #000000; font-size: 110%;\"><br \/>\n<img decoding=\"async\" loading=\"lazy\" class=\" wp-image-160 alignright\" src=\"https:\/\/www.sksfrancepresernnis.org.rs\/wp-content\/uploads\/2017\/01\/fp6.jpg\" alt=\"\" width=\"228\" height=\"274\" \/>\u017de na Dunaju je prijateljeval z Matijem \u010copom (1797-1835), rojakom iz \u017dirovnice. To znanstvo se je v Ljubljani \u0161e poglobilo in je Pre\u0161erna dokon\u010dno prepri\u010dalo, da je za\u010del resneje razmi\u0161ljati o pesni\u0161kem ustvarjanju. Prav po \u010copovem prigovarjanju so za\u010dele nastajati pesmi, ki jih je<br \/>\nobjavljal v almanahu Kranjska \u010dbelica, ki je za\u010dela izhajati 1830. V tem \u010dasu sta z Matijo \u010copom b\u00edla bitko za slovenski knji\u017eni jezik \u2013 abecedno vojno (Der slowenische ABC Krieg). Leta 1833 je v trnovski cerkvi spoznal Julijo Primic (1816-1864), ki je mo\u010dno zaznamovala njegovo nadaljnjo pesni\u0161ko ustvarjalnost in delno tudi njegovo \u017eivljenje. Njej je posvetil \u0161tevilne pesmi, med njimi so najbolj znane Sonetni venec, ki je nastal leta 1834, Gazele, Dohtar, Mars`kt\u00e9ri romar gre v Rim, v Kompostelje, Ni znal molitve \u017elahtni\u010d trde glave, Je od vesel`ga \u010dasa teklo leto \u2026 Nato se je Julija poro\u010dila s Pre\u0161ernovim so\u0161olcem Jo\u017eefom Anzelmom pl. Scheuchenstuelom. <\/span><\/p>\n","protected":false},"excerpt":{"rendered":"<p>\u00a0France Pre\u0161eren se je rodil 3. decembra 1800 v Vrbi pod Stolom kot tretji otrok in prvi sin \u0160imnu Pre\u0161ernu (1762-1837) in materi Mini (1774-1842), rojeni Svetina. Pri hi\u0161i se je po doma\u010de reklo \u2019\u2019Pr\u2019 Rib\u010d\u2019\u2019, kjer je mali France skupaj s sestrami in bratoma pre\u017eivljal otro\u0161ka leta. PreLepi so pesnikovi spomini na brezskrbno mladost [&hellip;]<\/p>\n","protected":false},"author":10,"featured_media":0,"parent":0,"menu_order":0,"comment_status":"closed","ping_status":"closed","template":"page-fullwidth.php","meta":[],"_links":{"self":[{"href":"https:\/\/www.sksfrancepresernnis.org.rs\/index.php\/wp-json\/wp\/v2\/pages\/28"}],"collection":[{"href":"https:\/\/www.sksfrancepresernnis.org.rs\/index.php\/wp-json\/wp\/v2\/pages"}],"about":[{"href":"https:\/\/www.sksfrancepresernnis.org.rs\/index.php\/wp-json\/wp\/v2\/types\/page"}],"author":[{"embeddable":true,"href":"https:\/\/www.sksfrancepresernnis.org.rs\/index.php\/wp-json\/wp\/v2\/users\/10"}],"replies":[{"embeddable":true,"href":"https:\/\/www.sksfrancepresernnis.org.rs\/index.php\/wp-json\/wp\/v2\/comments?post=28"}],"version-history":[{"count":140,"href":"https:\/\/www.sksfrancepresernnis.org.rs\/index.php\/wp-json\/wp\/v2\/pages\/28\/revisions"}],"predecessor-version":[{"id":262,"href":"https:\/\/www.sksfrancepresernnis.org.rs\/index.php\/wp-json\/wp\/v2\/pages\/28\/revisions\/262"}],"wp:attachment":[{"href":"https:\/\/www.sksfrancepresernnis.org.rs\/index.php\/wp-json\/wp\/v2\/media?parent=28"}],"curies":[{"name":"wp","href":"https:\/\/api.w.org\/{rel}","templated":true}]}}