{"id":974,"date":"2018-06-21T18:16:01","date_gmt":"2018-06-21T16:16:01","guid":{"rendered":"https:\/\/www.sksfrancepresernnis.org.rs\/wp-content\/uploads\/2018\/06\/10.jpg"},"modified":"2018-06-21T18:18:46","modified_gmt":"2018-06-21T16:18:46","slug":"10","status":"inherit","type":"attachment","link":"https:\/\/www.sksfrancepresernnis.org.rs\/index.php\/2018\/06\/21\/dan-drzavnosti-dan-vojske-slovenije-i-prvi-put-svetski-dan-pcela-foto\/attachment\/10\/","title":{"rendered":"10"},"author":11,"comment_status":"closed","ping_status":"closed","template":"","meta":[],"description":{"rendered":"<p class=\"attachment\"><a href='https:\/\/www.sksfrancepresernnis.org.rs\/wp-content\/uploads\/2018\/06\/10.jpg'><img width=\"300\" height=\"169\" src=\"https:\/\/www.sksfrancepresernnis.org.rs\/wp-content\/uploads\/2018\/06\/10-300x169.jpg\" class=\"attachment-medium size-medium\" alt=\"\" decoding=\"async\" loading=\"lazy\" srcset=\"https:\/\/www.sksfrancepresernnis.org.rs\/wp-content\/uploads\/2018\/06\/10-300x169.jpg 300w, https:\/\/www.sksfrancepresernnis.org.rs\/wp-content\/uploads\/2018\/06\/10-768x432.jpg 768w, https:\/\/www.sksfrancepresernnis.org.rs\/wp-content\/uploads\/2018\/06\/10-1024x576.jpg 1024w, https:\/\/www.sksfrancepresernnis.org.rs\/wp-content\/uploads\/2018\/06\/10.jpg 2048w\" sizes=\"(max-width: 300px) 100vw, 300px\" \/><\/a><\/p>\n"},"caption":{"rendered":"<p>Zoran \u0110or\u0111evi\u0107, ministar u Vladi Srbije<\/p>\n"},"alt_text":"","media_type":"image","mime_type":"image\/jpeg","media_details":{"width":2048,"height":1152,"file":"2018\/06\/10.jpg","sizes":{"thumbnail":{"file":"10-150x150.jpg","width":150,"height":150,"mime_type":"image\/jpeg","source_url":"https:\/\/www.sksfrancepresernnis.org.rs\/wp-content\/uploads\/2018\/06\/10-150x150.jpg"},"medium":{"file":"10-300x169.jpg","width":300,"height":169,"mime_type":"image\/jpeg","source_url":"https:\/\/www.sksfrancepresernnis.org.rs\/wp-content\/uploads\/2018\/06\/10-300x169.jpg"},"medium_large":{"file":"10-768x432.jpg","width":768,"height":432,"mime_type":"image\/jpeg","source_url":"https:\/\/www.sksfrancepresernnis.org.rs\/wp-content\/uploads\/2018\/06\/10-768x432.jpg"},"large":{"file":"10-1024x576.jpg","width":1024,"height":576,"mime_type":"image\/jpeg","source_url":"https:\/\/www.sksfrancepresernnis.org.rs\/wp-content\/uploads\/2018\/06\/10-1024x576.jpg"},"activello-featured":{"file":"10-1170x550.jpg","width":1170,"height":550,"mime_type":"image\/jpeg","source_url":"https:\/\/www.sksfrancepresernnis.org.rs\/wp-content\/uploads\/2018\/06\/10-1170x550.jpg"},"activello-slider":{"file":"10-1920x550.jpg","width":1920,"height":550,"mime_type":"image\/jpeg","source_url":"https:\/\/www.sksfrancepresernnis.org.rs\/wp-content\/uploads\/2018\/06\/10-1920x550.jpg"},"activello-thumbnail":{"file":"10-330x220.jpg","width":330,"height":220,"mime_type":"image\/jpeg","source_url":"https:\/\/www.sksfrancepresernnis.org.rs\/wp-content\/uploads\/2018\/06\/10-330x220.jpg"},"activello-medium":{"file":"10-640x480.jpg","width":640,"height":480,"mime_type":"image\/jpeg","source_url":"https:\/\/www.sksfrancepresernnis.org.rs\/wp-content\/uploads\/2018\/06\/10-640x480.jpg"},"activello-big":{"file":"10-710x335.jpg","width":710,"height":335,"mime_type":"image\/jpeg","source_url":"https:\/\/www.sksfrancepresernnis.org.rs\/wp-content\/uploads\/2018\/06\/10-710x335.jpg"},"full":{"file":"10.jpg","width":2048,"height":1152,"mime_type":"image\/jpeg","source_url":"https:\/\/www.sksfrancepresernnis.org.rs\/wp-content\/uploads\/2018\/06\/10.jpg"}},"image_meta":{"aperture":"0","credit":"","camera":"","caption":"","created_timestamp":"0","copyright":"","focal_length":"0","iso":"0","shutter_speed":"0","title":"","orientation":"0","keywords":[]}},"post":963,"source_url":"https:\/\/www.sksfrancepresernnis.org.rs\/wp-content\/uploads\/2018\/06\/10.jpg","_links":{"self":[{"href":"https:\/\/www.sksfrancepresernnis.org.rs\/index.php\/wp-json\/wp\/v2\/media\/974"}],"collection":[{"href":"https:\/\/www.sksfrancepresernnis.org.rs\/index.php\/wp-json\/wp\/v2\/media"}],"about":[{"href":"https:\/\/www.sksfrancepresernnis.org.rs\/index.php\/wp-json\/wp\/v2\/types\/attachment"}],"author":[{"embeddable":true,"href":"https:\/\/www.sksfrancepresernnis.org.rs\/index.php\/wp-json\/wp\/v2\/users\/11"}],"replies":[{"embeddable":true,"href":"https:\/\/www.sksfrancepresernnis.org.rs\/index.php\/wp-json\/wp\/v2\/comments?post=974"}]}}

<p>Zoran Đorđević, ministar u Vladi Srbije</p>
