{"id":966,"date":"2018-06-21T18:15:41","date_gmt":"2018-06-21T16:15:41","guid":{"rendered":"https:\/\/www.sksfrancepresernnis.org.rs\/wp-content\/uploads\/2018\/06\/2.jpg"},"modified":"2018-06-21T19:01:30","modified_gmt":"2018-06-21T17:01:30","slug":"2-3","status":"inherit","type":"attachment","link":"https:\/\/www.sksfrancepresernnis.org.rs\/index.php\/2018\/06\/21\/dan-drzavnosti-dan-vojske-slovenije-i-prvi-put-svetski-dan-pcela-foto\/2-3\/","title":{"rendered":"2"},"author":11,"comment_status":"closed","ping_status":"closed","template":"","meta":[],"description":{"rendered":"<p class=\"attachment\"><a href='https:\/\/www.sksfrancepresernnis.org.rs\/wp-content\/uploads\/2018\/06\/2.jpg'><img width=\"225\" height=\"300\" src=\"https:\/\/www.sksfrancepresernnis.org.rs\/wp-content\/uploads\/2018\/06\/2-225x300.jpg\" class=\"attachment-medium size-medium\" alt=\"\" decoding=\"async\" loading=\"lazy\" srcset=\"https:\/\/www.sksfrancepresernnis.org.rs\/wp-content\/uploads\/2018\/06\/2-225x300.jpg 225w, https:\/\/www.sksfrancepresernnis.org.rs\/wp-content\/uploads\/2018\/06\/2.jpg 720w\" sizes=\"(max-width: 225px) 100vw, 225px\" \/><\/a><\/p>\n"},"caption":{"rendered":"<p> Sa Matejom Nor\u010di\u0107  \u0160tamcar, zamenicom \u0161efa Delegacije EU u Srbiji<\/p>\n"},"alt_text":"","media_type":"image","mime_type":"image\/jpeg","media_details":{"width":720,"height":960,"file":"2018\/06\/2.jpg","sizes":{"thumbnail":{"file":"2-150x150.jpg","width":150,"height":150,"mime_type":"image\/jpeg","source_url":"https:\/\/www.sksfrancepresernnis.org.rs\/wp-content\/uploads\/2018\/06\/2-150x150.jpg"},"medium":{"file":"2-225x300.jpg","width":225,"height":300,"mime_type":"image\/jpeg","source_url":"https:\/\/www.sksfrancepresernnis.org.rs\/wp-content\/uploads\/2018\/06\/2-225x300.jpg"},"activello-featured":{"file":"2-720x550.jpg","width":720,"height":550,"mime_type":"image\/jpeg","source_url":"https:\/\/www.sksfrancepresernnis.org.rs\/wp-content\/uploads\/2018\/06\/2-720x550.jpg"},"activello-slider":{"file":"2-720x550.jpg","width":720,"height":550,"mime_type":"image\/jpeg","source_url":"https:\/\/www.sksfrancepresernnis.org.rs\/wp-content\/uploads\/2018\/06\/2-720x550.jpg"},"activello-thumbnail":{"file":"2-330x220.jpg","width":330,"height":220,"mime_type":"image\/jpeg","source_url":"https:\/\/www.sksfrancepresernnis.org.rs\/wp-content\/uploads\/2018\/06\/2-330x220.jpg"},"activello-medium":{"file":"2-640x480.jpg","width":640,"height":480,"mime_type":"image\/jpeg","source_url":"https:\/\/www.sksfrancepresernnis.org.rs\/wp-content\/uploads\/2018\/06\/2-640x480.jpg"},"activello-big":{"file":"2-710x335.jpg","width":710,"height":335,"mime_type":"image\/jpeg","source_url":"https:\/\/www.sksfrancepresernnis.org.rs\/wp-content\/uploads\/2018\/06\/2-710x335.jpg"},"full":{"file":"2.jpg","width":720,"height":960,"mime_type":"image\/jpeg","source_url":"https:\/\/www.sksfrancepresernnis.org.rs\/wp-content\/uploads\/2018\/06\/2.jpg"}},"image_meta":{"aperture":"0","credit":"","camera":"","caption":"","created_timestamp":"0","copyright":"","focal_length":"0","iso":"0","shutter_speed":"0","title":"","orientation":"0","keywords":[]}},"post":963,"source_url":"https:\/\/www.sksfrancepresernnis.org.rs\/wp-content\/uploads\/2018\/06\/2.jpg","_links":{"self":[{"href":"https:\/\/www.sksfrancepresernnis.org.rs\/index.php\/wp-json\/wp\/v2\/media\/966"}],"collection":[{"href":"https:\/\/www.sksfrancepresernnis.org.rs\/index.php\/wp-json\/wp\/v2\/media"}],"about":[{"href":"https:\/\/www.sksfrancepresernnis.org.rs\/index.php\/wp-json\/wp\/v2\/types\/attachment"}],"author":[{"embeddable":true,"href":"https:\/\/www.sksfrancepresernnis.org.rs\/index.php\/wp-json\/wp\/v2\/users\/11"}],"replies":[{"embeddable":true,"href":"https:\/\/www.sksfrancepresernnis.org.rs\/index.php\/wp-json\/wp\/v2\/comments?post=966"}]}}

<p> Sa Matejom Norčić  Štamcar, zamenicom šefa Delegacije EU u Srbiji</p>
