{"id":631,"date":"2017-10-29T14:30:29","date_gmt":"2017-10-29T14:30:29","guid":{"rendered":"https:\/\/www.sksfrancepresernnis.org.rs\/wp-content\/uploads\/2017\/10\/saveznici.jpg"},"modified":"2017-10-29T14:31:27","modified_gmt":"2017-10-29T14:31:27","slug":"saveznici","status":"inherit","type":"attachment","link":"https:\/\/www.sksfrancepresernnis.org.rs\/index.php\/2017\/10\/29\/franc-sasek-prvi-hornista-u-nisu-foto\/saveznici\/","title":{"rendered":"saveznici"},"author":11,"comment_status":"open","ping_status":"closed","template":"","meta":[],"description":{"rendered":"<p class=\"attachment\"><a href='https:\/\/www.sksfrancepresernnis.org.rs\/wp-content\/uploads\/2017\/10\/saveznici.jpg'><img width=\"300\" height=\"198\" src=\"https:\/\/www.sksfrancepresernnis.org.rs\/wp-content\/uploads\/2017\/10\/saveznici-300x198.jpg\" class=\"attachment-medium size-medium\" alt=\"\" decoding=\"async\" loading=\"lazy\" srcset=\"https:\/\/www.sksfrancepresernnis.org.rs\/wp-content\/uploads\/2017\/10\/saveznici-300x198.jpg 300w, https:\/\/www.sksfrancepresernnis.org.rs\/wp-content\/uploads\/2017\/10\/saveznici-768x507.jpg 768w, https:\/\/www.sksfrancepresernnis.org.rs\/wp-content\/uploads\/2017\/10\/saveznici-1024x676.jpg 1024w, https:\/\/www.sksfrancepresernnis.org.rs\/wp-content\/uploads\/2017\/10\/saveznici.jpg 1155w\" sizes=\"(max-width: 300px) 100vw, 300px\" \/><\/a><\/p>\n"},"caption":{"rendered":"<p>Franc Sa\u0161ek (tre\u0107i s leva) sa savezni\u010dkim zarobljenicima u Dizeldorfu u Nema\u010dkoj<\/p>\n"},"alt_text":"","media_type":"image","mime_type":"image\/jpeg","media_details":{"width":1155,"height":763,"file":"2017\/10\/saveznici.jpg","sizes":{"thumbnail":{"file":"saveznici-150x150.jpg","width":150,"height":150,"mime_type":"image\/jpeg","source_url":"https:\/\/www.sksfrancepresernnis.org.rs\/wp-content\/uploads\/2017\/10\/saveznici-150x150.jpg"},"medium":{"file":"saveznici-300x198.jpg","width":300,"height":198,"mime_type":"image\/jpeg","source_url":"https:\/\/www.sksfrancepresernnis.org.rs\/wp-content\/uploads\/2017\/10\/saveznici-300x198.jpg"},"medium_large":{"file":"saveznici-768x507.jpg","width":768,"height":507,"mime_type":"image\/jpeg","source_url":"https:\/\/www.sksfrancepresernnis.org.rs\/wp-content\/uploads\/2017\/10\/saveznici-768x507.jpg"},"large":{"file":"saveznici-1024x676.jpg","width":1024,"height":676,"mime_type":"image\/jpeg","source_url":"https:\/\/www.sksfrancepresernnis.org.rs\/wp-content\/uploads\/2017\/10\/saveznici-1024x676.jpg"},"activello-featured":{"file":"saveznici-1155x550.jpg","width":1155,"height":550,"mime_type":"image\/jpeg","source_url":"https:\/\/www.sksfrancepresernnis.org.rs\/wp-content\/uploads\/2017\/10\/saveznici-1155x550.jpg"},"activello-slider":{"file":"saveznici-1155x550.jpg","width":1155,"height":550,"mime_type":"image\/jpeg","source_url":"https:\/\/www.sksfrancepresernnis.org.rs\/wp-content\/uploads\/2017\/10\/saveznici-1155x550.jpg"},"activello-thumbnail":{"file":"saveznici-330x220.jpg","width":330,"height":220,"mime_type":"image\/jpeg","source_url":"https:\/\/www.sksfrancepresernnis.org.rs\/wp-content\/uploads\/2017\/10\/saveznici-330x220.jpg"},"activello-medium":{"file":"saveznici-640x480.jpg","width":640,"height":480,"mime_type":"image\/jpeg","source_url":"https:\/\/www.sksfrancepresernnis.org.rs\/wp-content\/uploads\/2017\/10\/saveznici-640x480.jpg"},"full":{"file":"saveznici.jpg","width":1155,"height":763,"mime_type":"image\/jpeg","source_url":"https:\/\/www.sksfrancepresernnis.org.rs\/wp-content\/uploads\/2017\/10\/saveznici.jpg"}},"image_meta":{"aperture":"0","credit":"","camera":"","caption":"","created_timestamp":"0","copyright":"","focal_length":"0","iso":"0","shutter_speed":"0","title":"","orientation":"0","keywords":[]}},"post":626,"source_url":"https:\/\/www.sksfrancepresernnis.org.rs\/wp-content\/uploads\/2017\/10\/saveznici.jpg","_links":{"self":[{"href":"https:\/\/www.sksfrancepresernnis.org.rs\/index.php\/wp-json\/wp\/v2\/media\/631"}],"collection":[{"href":"https:\/\/www.sksfrancepresernnis.org.rs\/index.php\/wp-json\/wp\/v2\/media"}],"about":[{"href":"https:\/\/www.sksfrancepresernnis.org.rs\/index.php\/wp-json\/wp\/v2\/types\/attachment"}],"author":[{"embeddable":true,"href":"https:\/\/www.sksfrancepresernnis.org.rs\/index.php\/wp-json\/wp\/v2\/users\/11"}],"replies":[{"embeddable":true,"href":"https:\/\/www.sksfrancepresernnis.org.rs\/index.php\/wp-json\/wp\/v2\/comments?post=631"}]}}

<p>Franc Sašek (treći s leva) sa savezničkim zarobljenicima u Dizeldorfu u Nemačkoj</p>
